 Let z(j) = -9*j**2 + 17*j + 14. Let r(k) = -5*k**2 + 9*k + 7. Let o(q) = u*r(q) - 4*z(q). What is the tens digit of o(8)?
1
Suppose 5*g - 24 = 2*g. Let w = g - 30. What is the units digit of w/(-8) - 1/(-4)?
3
Let h be 1 + 0 - 13/(-1). Let l be h/(3/(-9)*2). Let v = l - -29. What is the units digit of v?
8
Let d = -14 + 9. Suppose -2*s + 2 + 6 = -4*w, -3*w + 5 = 4*s. What is the units digit of (d/s)/(2/(-4))?
5
Let b(a) = a - 1. Let g be (-2 - 0 - 1)/(-1). Let z be b(g). Suppose z*n = 6*n - 28. What is the units digit of n?
7
Suppose 3*l + 12 = 7*l. Suppose 9 = -l*g + 48. Suppose -4*z - g = 3, 4*z + 21 = k. What is the units digit of k?
5
Let j(d) = -4*d**2 + 1. Let z be j(-2). What is the units digit of -2 - (2 - 2) - z?
3
Let s(r) = r**3 + 2*r**2. Let v be s(-3). Let a = -1 - v. What is the units digit of a?
8
Suppose -4*w + 165 + 13 = -2*k, 5*w - 2*k = 220. What is the units digit of w?
2
Let d(n) = 5*n**2 - 7*n + 1. What is the tens digit of d(5)?
9
Let y(a) = -a - 4. Let m be y(-6). Suppose -j + m = j. Suppose -3*u + 2 + j = 0. What is the units digit of u?
1
Let s = -45 - -190. What is the units digit of s?
5
Let l be 73/3*(-3 - -6). Suppose 0 = -5*p - d + l - 29, -3*p + 5*d = -4. What is the units digit of p?
8
Let n = 34 - -44. What is the tens digit of n?
7
Let u(a) = -12*a - 1. Let b be u(-1). Let w = 19 + b. What is the units digit of w?
0
Let v = 3 - -3. Let s = 18 + v. What is the units digit of s?
4
Let v(j) = -25*j + 19. What is the tens digit of v(-4)?
1
Let o(q) = 10*q. What is the tens digit of o(16)?
6
Suppose 108 + 40 = 4*g. What is the tens digit of g?
3
Suppose 4*w = 9*w - 15. Suppose 2*l - w*l + 24 = 0. What is the units digit of l?
4
What is the units digit of -4 + (-3 + 21 - 3)?
1
Suppose -3*m = -2*m - 36. Suppose 5*r = r + m. What is the units digit of r?
9
Suppose -2*c + 4*y = 3*y - 1, 2*c + y - 7 = 0. Let r(z) = 10*z**3 + z**2 - z. Let l be r(1). Suppose 4*v = c*v + l. What is the units digit of v?
5
Suppose 2*w = 3*g + 2*g + 355, -3*g = 3*w - 543. What is the tens digit of w?
8
Suppose 302 = 2*v - 2*m, 0 - 5 = m. What is the units digit of v?
6
Let g = -13 - -35. What is the units digit of g?
2
Suppose 17 = 3*f + 5. Suppose f = c - 12. What is the tens digit of c?
1
Let y(c) = c**3 - 11*c**2 - 13*c + 12. Let d be y(12). Suppose -b + 30 + 5 = d. What is the units digit of b?
5
Let k(m) = -m**2 + 6*m + 8. Let r be k(7). Let w(o) be the second derivative of 5*o**4/12 - o**3/6 + o**2/2 + 2*o. What is the units digit of w(r)?
5
Let k(u) = 2*u**2 + 5*u + 4. What is the units digit of k(-4)?
6
Let o(y) = -y**3 + 12*y**2 - 6*y - 5. Let s be o(11). Suppose 15 - s = -5*a. Let b = 10 - a. What is the units digit of b?
3
Let a(t) = -22*t - 51. What is the tens digit of a(-12)?
1
Let q = 18 - 10. Suppose -21 = o + 3*w - q*w, -4*w = -4*o - 20. What is the units digit of o/(1/(-2)) + 3?
5
Suppose 0 = -3*t - 3*z + 6, 0 = t - 6*t + 3*z - 14. Let k be -6*t*3/9. Suppose -3*s = b + 3 + 2, -3*s = -k*b + 35. What is the units digit of b?
0
Suppose 5*c + 80 + 268 = 2*o, 2*o = c + 348. What is the tens digit of o?
7
Suppose 2*g = -u - 0*u - 2, 4*g = 3*u - 14. Suppose u*x + 3*j + 0*j - 2 = 0, 6 = 2*x + j. What is the units digit of x?
4
Let b(p) = -p**2 + 21*p - 10. What is the tens digit of b(8)?
9
Let s(x) = x**3 + 6*x**2 - 6*x - 16. What is the tens digit of s(-6)?
2
Suppose 0 = 8*m - 4*m + 4. What is the units digit of 4*(2/(-4))/m?
2
Let m(w) = 3*w**3 - 3*w**2 + 2. Let i be m(2). Suppose i = 2*n - 0*n. What is the units digit of n?
7
What is the tens digit of 3 - (-8)/(-4) - -11?
1
Suppose 8*p = p + 63. What is the units digit of p?
9
What is the tens digit of 532/8 + (-2)/(-4)?
6
Suppose 0 = -5*a + o + 949, 0*o - 384 = -2*a - 4*o. What is the units digit of (-6)/4*a/(-15)?
9
Suppose 4*y - 2*y = 8. Suppose -y*g + 145 - 53 = 0. What is the tens digit of g?
2
Let o(u) = u**3 + 3*u**2 - 3*u + 1. Let g be o(-3). Let f = 17 - g. What is the units digit of f?
7
Let p(l) = -l**3 + l**2 - 1. Let o(z) = 3*z**3 - 7*z**2 + 4*z - 1. Let y(v) = o(v) + 2*p(v). Let m be y(3). What is the tens digit of (-106)/m - 2/(-9)?
1
Let p(z) = 12*z**2 - 5*z. What is the tens digit of p(2)?
3
Let t(v) = v - 1. Let q(u) = 4*u - 3. Let n(f) = -3*q(f) + 6*t(f). What is the tens digit of n(-3)?
2
Let h(s) = 2*s**2 + 3 + 6*s - s**2 + 6 - 2. Let j be h(-5). Suppose -4*k + 10 = -j. What is the units digit of k?
3
Suppose -3 = -3*k + 2*k. What is the units digit of k?
3
Let n = -50 - -85. What is the units digit of n?
5
Let m(p) = 2*p**3 - 8*p**2 - 7*p + 5. What is the units digit of m(5)?
0
Let v(z) = z**3 - z**2 - z + 1. Let m be v(2). Suppose c - 2*c + m = 0. What is the units digit of (1 - c)/((-6)/15)?
5
Suppose -2*b = -b + 27. Let a = 5 - b. What is the units digit of a?
2
Suppose 3 = 3*q - 0*q, 0 = 5*h - 3*q - 7. Let d = h - 9. Let l = 1 - d. What is the units digit of l?
8
Suppose -24 = 3*v + 33. Let c = v + 32. What is the tens digit of c?
1
Let f(s) = s**3 - 7*s**2 + 6*s + 8. Let g be f(6). Suppose -23 = -5*p - g. Suppose r = -p*r + 40. What is the units digit of r?
0
Let x = 6 - 3. Suppose -x*o = 2*o - 5*s + 5, -5*o - 17 = s. Let q = o + 8. What is the units digit of q?
5
Let l(o) = 11*o - 13. Let d be l(7). Suppose 4*n = 4*c + 88, 5*c + d = 3*n + 3*c. What is the tens digit of n?
2
Suppose 2*d - o + 17 = 4*o, 0 = 4*d + 2*o + 22. Let c = d + 22. What is the tens digit of c?
1
Let o be 4/(-22) + (-398)/(-11). Suppose -5*l + o = -l. Suppose n = 3 + l. What is the units digit of n?
2
Let b = -10 - -12. What is the units digit of 4 + -4 + b*5?
0
Let s(n) = -11*n + 5. Let v be s(-4). Suppose -v = -5*m + 3*k - 2, 3*m - 3*k = 27. What is the units digit of m?
0
Suppose 0 = 3*r - 6*r. Suppose -2*b + 42 + 58 = r. Suppose f - b = -4*f. What is the tens digit of f?
1
Let g = 15 + -8. Let k(i) = -i**2 + 11*i + 1. Let v be k(g). Let a = 40 - v. What is the units digit of a?
1
Suppose 15 = -2*f + 7. Let g(b) = -b**3 - 3*b**2 + 6*b + 2. Let j be g(f). What is the units digit of (-4)/j*21/2?
7
Let t = -703 - -1029. What is the tens digit of t?
2
What is the tens digit of (-48)/(1*(-2 - -1))?
4
Let p = 16 - 10. Suppose p*k = k. Suppose 2*c + 1 - 21 = k. What is the units digit of c?
0
Suppose -i - 4 = 3*w - 2*w, -w = 3*i + 12. Suppose w = 4*k - 5*o + 25 - 66, -28 = -2*k + 4*o. What is the units digit of (3/(-3))/((-1)/k)?
4
Suppose m + 2*m + j - 7 = 0, -4*m - 5*j - 9 = 0. Let x be 1/(-4)*-5*m. Let r = 12 - x. What is the units digit of r?
7
Suppose j + 3*r - 41 = 0, -4*j - 3*r + 213 - 40 = 0. Suppose 0 = 3*g - g. Suppose 5*o - 3*m - j = 11, -3*o + 5*m + 49 = g. What is the units digit of o?
8
Suppose -5*t + 150 = -3*t. What is the units digit of t?
5
Let l(q) = q**3 + 10*q**2 - 7*q - 3. What is the hundreds digit of l(-8)?
1
What is the tens digit of (-2 + 3)*0 - -123?
2
What is the tens digit of ((-22 - -3) + -3)*-1?
2
Let s = 145 + 3. What is the units digit of s?
8
Suppose 5*p = -12 - 3. Let d be (10/6)/(p/(-18)). What is the units digit of -5*((-8)/d + -1)?
9
Let v(b) = b**3 + 8*b**2 + 7*b + 3. Let y be v(-7). Let c = -128 + 183. Suppose -4*i + c = 5*r + i, -i + 27 = y*r. What is the units digit of r?
8
Let g = -118 + 175. What is the tens digit of g?
5
Let z(o) = -15*o + 11. What is the units digit of z(-2)?
1
Suppose -5*m = -13 - 2. Suppose -m*a - 21 = -69. What is the units digit of a?
6
Let x(q) = -q**3 - 11*q**2 - 7*q + 12. What is the units digit of x(-11)?
9
Let n be 6/10 + (-2)/(-5). Suppose 0 + n = u. What is the units digit of u?
1
Suppose -o = 2 - 4. Let d = o - -9. What is the units digit of d?
1
Suppose 0 = -3*s + 17 - 5, 168 = 2*t - 3*s. Suppose 0 = 5*x - 5*n - t, -4*x - 3*n + 46 = -2*x. What is the tens digit of x?
2
Let l be (-25)/2 - 2/4. Let k = l + 18. What is the units digit of k?
5
Let q = -33 - -48. What is the units digit of q?
5
Suppose h - 4 - 1 = 0. Suppose h = 3*n - 37. What is the units digit of n?
4
Let v(k) = -k + 1. Let s be v(8). Let i = 1 - s. What is the units digit of i?
8
Suppose 4*o - 401 = 183. What is the units digit of o?
6
Suppose 206 - 584 = -3*a. What is the hundreds digit of a?
1
Suppose 5*l - 72 = -2*y, -3*l + 3*y + 39 = -0*l. Suppose -l + 2 = -4*g. Suppose -5*t + 21 = -2*h, -g*h - 2*t + 0*t = -16. What is the units digi